ite number?
False
Is 421843 a prime number?
False
Is 147337 a prime number?
False
Is 112223 a prime number?
True
Is 275981 prime?
True
Is 1500643 composite?
False
Is 25733 prime?
True
Is 15641 prime?
True
Is 77963 a composite number?
True
Is 6401 a composite number?
True
Is 9469 a composite number?
True
Is 136511 composite?
False
Is 11185 composite?
True
Is 105155 composite?
True
Is 67 a prime number?
True
Is 46993 a prime number?
True
Is 8263 composite?
False
Is 27493 a prime number?
False
Is 6297 composite?
True
Is 83717 prime?
True
Is 10493 composite?
True
Is 706699 a composite number?
True
Is 2836207 composite?
True
Is 91909 prime?
True
Is 3593 composite?
False
Is 9517 prime?
False
Is 302465 a prime number?
False
Is 12569 a composite number?
False
Is 139687 composite?
True
Is 63377 prime?
True
Is 46601 a composite number?
False
Is 20623 a prime number?
False
Is 6865 prime?
False
Is 381419 composite?
False
Is 35963 a prime number?
True
Is 485 prime?
False
Is 1531 a composite number?
False
Is 41119 a composite number?
True
Is 119819 composite?
True
Is 15599 prime?
False
Is 32141 prime?
True
Is 3586697 prime?
False
Is 21269 prime?
True
Is 4271 a prime number?
True
Is 187241 a prime number?
False
Is 312197 a prime number?
True
Is 244529 a composite number?
False
Is 251711 a composite number?
True
Is 30353 a prime number?
False
Is 27473 composite?
True
Is 128101 prime?
False
Is 124793 composite?
False
Is 10123 a prime number?
False
Is 432199 a composite number?
False
Is 1173093 a composite number?
True
Is 2160671 a prime number?
True
Is 15661 prime?
True
Is 3802 prime?
False
Is 60406 a prime number?
False
Is 4559 a composite number?
True
Is 132817 composite?
False
Is 1075831 a composite number?
True
Is 34187 prime?
False
Is 77059 a composite number?
True
Is 82651 a prime number?
True
Is 5621191 a prime number?
True
Is 19441 composite?
False
Is 2457479 a composite number?
True
Is 151109 composite?
True
Is 55 composite?
True
Is 482569 a composite number?
False
Is 87463 a prime number?
False
Is 108743 a composite number?
True
Is 1510189 composite?
False
Is 2521 a composite number?
False
Is 1069 composite?
False
Is 4109 a prime number?
False
Is 139753 composite?
False
Is 207695 prime?
False
Is 6778 a composite number?
True
Is 21977 prime?
True
Is 5069 prime?
False
Is 5923 prime?
True
Is 510689 a prime number?
False
Is 11027 a composite number?
False
Is 245411 a composite number?
False
Is 7367 composite?
True
Is 255803 a composite number?
False
Is 177214 composite?
True
Is 70051 a prime number?
True
Is 4343003 prime?
False
Is 81233 composite?
False
Is 18269 prime?
True
Is 79229 composite?
False
Is 10313 a prime number?
True
Is 23962 prime?
False
Is 46855 composite?
True
Is 174017 prime?
True
Is 108083 a prime number?
False
Is 25561 prime?
True
Is 781189 a composite number?
True
Is 4691 a prime number?
True
Is 20611 composite?
False
Is 334447 a prime number?
True
Is 14701 a prime number?
False
Is 16381 composite?
False
Is 118799 a prime number?
True
Is 901 a composite number?
True
Is 215531 a prime number?
True
Is 412793 a composite number?
False
Is 4667 composite?
True
Is 9479 a prime number?
True
Is 31847 composite?
False
Is 102269 prime?
False
Is 12511 composite?
False
Is 104231 a composite number?
False
Is 335249 a composite number?
False
Is 132293 a prime number?
False
Is 1302563 prime?
True
Is 847193 a prime number?
True
Is 2921 prime?
False
Is 439 prime?
True
Is 76359 a prime number?
False
Is 440107 prime?
False
Is 70139 composite?
False
Is 53615 a prime number?
False
Is 271253 a composite number?
False
Is 32107 a prime number?
False
Is 98543 a composite number?
False
Is 5361539 a prime number?
True
Is 4183 prime?
False
Is 701 a prime number?
True
Is 176627 a composite number?
True
Is 789023 prime?
False
Is 19603 prime?
True
Is 613 a prime number?
True
Is 445169 a prime number?
True
Is 2051347 composite?
True
Is 204718 a composite number?
True
Is 105082 a composite number?
True
Is 11707 prime?
False
Is 158623 prime?
False
Is 285749 a composite number?
False
Is 1632557 a composite number?
False
Is 517 composite?
True
Is 54673 prime?
True
Is 211157 a composite number?
True
Is 4507 a prime number?
True
Is 182839 a prime number?
True
Is 10057 a prime number?
False
Is 89906 a prime number?
False
Is 464603 composite?
False
Is 22006 a composite number?
True
Is 34807 composite?
False
Is 2437 prime?
True
Is 23515 composite?
True
Is 1646209 a prime number?
True
Is 587891 composite?
False
Is 51991 a composite number?
False
Is 18659 composite?
True
Is 5791 a composite number?
False
Is 1097267 prime?
True
Is 95461 prime?
True
Is 2483 composite?
True
Is 166483 a composite number?
True
Is 75289 prime?
True
Is 1069153 a composite number?
True
Is 99967 prime?
False
Is 272959 composite?
False
Is 1369597 a composite number?
False
Is 31846 a prime number?
False
Is 27681 prime?
False
Is 277073 composite?
False
Is 3589 a composite number?
True
Is 229049 composite?
True
Is 23 composite?
False
Is 339823 a composite number?
True
Is 265313 a composite number?
False
Is 16183 a composite number?
False
Is 2652985 a prime number?
False
Is 9293 a prime number?
True
Is 169 prime?
False
Is 16619 prime?
True
Is 477737 a composite number?
True
Is 4049 prime?
True
Is 2175833 a composite number?
True
Is 718899 composite?
True
Is 8594 composite?
True
Is 1049 composite?
False
Is 12147 a composite number?
True
Is 23147 a composite number?
True
Is 1213 a composite number?
False
Is 8859 prime?
False
Is 493693 a composite number?
False
Is 895558 a composite number?
True
Is 8791 composite?
True
Is 623839 a composite number?
False
Is 1693 prime?
True
Is 106109 a prime number?
True
Is 30491 a composite number?
False
Is 1007 a composite number?
True
Is 1657 a prime number?
True
Is 581111 a composite number?
True
Is 5259 a composite number?
True
Is 32089 prime?
True
Is 18617 prime?
True
Is 51283 prime?
True
Is 427279 a prime number?
True
Is 104399 prime?
True
Is 10315 a prime number?
False
Is 42193 prime?
True
Is 45449 prime?
False
Is 15253 prime?
False
Is 287173 prime?
True
Is 278989 a composite number?
True
Is 16087 composite?
False
Is 1789751 a composite number?
False
Is 5362391 a prime number?
True
Is 179863 a prime number?
False
Is 385765 composite?
True
Is 139661 a prime number?
True
Is 25889 composite?
False
Is 3142658 a prime number?
False
Is 15185 a prime number?
False
Is 99647 composite?
True
Is 5311 a composite number?
True
Is 938713 composite?
False
Is 421633 a composite number?
False
Is 76333 composite?
False
Is 2181 a prime number?
False
Is 3163 prime?
True
Is 9901 a composite number?
False
Is 34019 a prime number?
True
Is 369805 a prime number?
False
Is 82279 composite?
False
Is 44909 a prime number?
True
Is 17774 prime?
False
Is 625169 composite?
False
Is 551 composite?
True
Is 41539 a prime number?
True
Is 282377 composite?
False
Is 69494 a composite number?
True
Is 1122029 composite?
False
Is 202381 a prime number?
True
Is 21161 a prime number?
False
Is 12113 composite?
False
Is 111821 a prime number?
True
Is 525191 composite?
False
Is 12149 prime?
True
Is 7621 prime?
True
Is 43063 a prime number?
True
Is 67207 a prime number?
False
Is 1361 prime?
True
Is 329863 composite?
False
Is 109 a composite number?
False
Is 102137 a prime number?
False
Is 74471 a prime number?
True
Is 35965 a prime number?
False
Is 161807 composite?
False
Is 61091 a composite number?
False
Is 26669 a composite number?
False
Is 381763 prime?
False
Is 863 prime?
True
Is 101767 prime?
False
Is 6709 prime?
True
Is 12611 prime?
True
Is 4699 a prime number?
False
Is 4861 composite?
False
Is 551 a prime number?
False
Is 1334587 composite?
True
Is 20471 prime?
False
Is 355417 a prime number?
True
Is 5604737 a prime number?
True
Is 83883 a composite number?
True
Is 147881 a composite number?
False
Is 3431 composite?
True
Is 51751 a composite number?
True
Is 397 composite?
False
Is 555873 a prime number?
False
Is 32233 a composite number?
False
Is 1523 composite?
False
Is 84913 a prime number?
True
Is 1098973 composite?
False
Is 254179 a composite number?
False
Is 9593 a prime number?
False
Is 142 composite?
True
Is 14129 composite?
True
Is 2503 a prime number?
True
Is 15551 a prime number?
True
Is 295 c